n 74031 is divided by 317?
170
What is the remainder when 256279 is divided by 3790?
2349
What is the remainder when 122901599 is divided by 75?
74
Calculate the remainder when 26006196 is divided by 1100.
1096
Calculate the remainder when 3171804 is divided by 3767.
3757
Calculate the remainder when 184203 is divided by 45897.
615
Calculate the remainder when 882045 is divided by 7411.
136
Calculate the remainder when 36477073 is divided by 737.
732
Calculate the remainder when 31029247 is divided by 170.
167
Calculate the remainder when 48521753 is divided by 117.
98
What is the remainder when 951691 is divided by 190308?
151
Calculate the remainder when 310077 is divided by 322.
313
What is the remainder when 31475100 is divided by 329?
328
Calculate the remainder when 394380 is divided by 15773.
55
What is the remainder when 7750 is divided by 483?
22
Calculate the remainder when 13070586 is divided by 122.
116
Calculate the remainder when 2020201 is divided by 673366.
103
What is the remainder when 108868 is divided by 75?
43
What is the remainder when 79709797 is divided by 3777?
3766
What is the remainder when 102956 is divided by 65?
61
What is the remainder when 17132540 is divided by 159?
131
Calculate the remainder when 619213 is divided by 1754.
51
What is the remainder when 6448 is divided by 667?
445
Calculate the remainder when 18676969 is divided by 187.
157
Calculate the remainder when 6356218 is divided by 390.
388
Calculate the remainder when 7463197 is divided by 304.
301
What is the remainder when 111019698 is divided by 55509830?
38
What is the remainder when 81963831 is divided by 82?
75
What is the remainder when 239842 is divided by 1764?
1702
Calculate the remainder when 52983 is divided by 25910.
1163
Calculate the remainder when 94927235 is divided by 93.
89
What is the remainder when 828983 is divided by 1897?
1891
Calculate the remainder when 1882140 is divided by 566.
190
What is the remainder when 194601 is divided by 8742?
2277
What is the remainder when 4765212 is divided by 98?
60
What is the remainder when 6245090 is divided by 2081674?
68
Calculate the remainder when 291213403 is divided by 35.
33
What is the remainder when 140188 is divided by 603?
292
Calculate the remainder when 351892 is divided by 2787.
730
Calculate the remainder when 143270086 is divided by 338.
336
Calculate the remainder when 2802930 is divided by 103.
94
Calculate the remainder when 952926 is divided by 2864.
2078
Calculate the remainder when 2320265 is divided by 145015.
25
Calculate the remainder when 16118533 is divided by 5372821.
70
What is the remainder when 5059 is divided by 376?
171
Calculate the remainder when 237805 is divided by 1599.
1153
What is the remainder when 1840910 is divided by 1840842?
68
Calculate the remainder when 24851188 is divided by 238.
180
What is the remainder when 4197913 is divided by 1495?
1448
What is the remainder when 23800518 is divided by 5950129?
2
Calculate the remainder when 321930 is divided by 107310.
0
Calculate the remainder when 477950 is divided by 477803.
147
What is the remainder when 24809 is divided by 23815?
994
Calculate the remainder when 4027997 is divided by 500.
497
What is the remainder when 31632146 is divided by 15816066?
14
Calculate the remainder when 55227559 is divided by 817.
810
What is the remainder when 20481 is divided by 561?
285
Calculate the remainder when 549123 is divided by 274399.
325
Calculate the remainder when 14052270 is divided by 103.
83
Calculate the remainder when 2233442 is divided by 12.
2
What is the remainder when 800787 is divided by 19529?
98
What is the remainder when 692009 is divided by 2563?
2562
What is the remainder when 1953074 is divided by 6877?
6
Calculate the remainder when 2718847 is divided by 9815.
92
What is the remainder when 518593 is divided by 4521?
3199
Calculate the remainder when 191527 is divided by 38217.
442
What is the remainder when 2751611 is divided by 384?
251
What is the remainder when 3011372 is divided by 75284?
12
What is the remainder when 65406242 is divided by 445?
142
Calculate the remainder when 801086 is divided by 5457.
4364
Calculate the remainder when 6820431 is divided by 27.
15
Calculate the remainder when 684722 is divided by 453.
239
What is the remainder when 70120105 is divided by 4056?
4033
Calculate the remainder when 103355 is divided by 3234.
3101
Calculate the remainder when 23347590 is divided by 148.
146
Calculate the remainder when 22471 is divided by 1220.
511
Calculate the remainder when 3413189 is divided by 2963.
2776
Calculate the remainder when 3986629 is divided by 2572.
29
Calculate the remainder when 971114 is divided by 941.
2
What is the remainder when 842341 is divided by 28075?
91
Calculate the remainder when 25944 is divided by 4053.
1626
What is the remainder when 861133 is divided by 9794?
9055
What is the remainder when 5177426 is divided by 345156?
86
What is the remainder when 13228 is divided by 1857?
229
Calculate the remainder when 1628072290 is divided by 13399.
13396
What is the remainder when 45619 is divided by 1432?
1227
Calculate the remainder when 492526 is divided by 245458.
1610
What is the remainder when 24869889 is divided by 89?
85
What is the remainder when 4723621 is divided by 3584?
3493
What is the remainder when 1370024 is divided by 20448?
8
What is the remainder when 28120432 is divided by 31?
22
Calculate the remainder when 153877 is divided by 153864.
13
What is the remainder when 35497873 is divided by 125?
123
What is the remainder when 700676 is divided by 350306?
64
What is the remainder when 280234034 is divided by 15?
14
Calculate the remainder when 69073 is divided by 22791.
700
What is the remainder when 3027246 is divided by 2679?
2655
Calculate the remainder when 13324 is divided by 5981.
1362
Calculate the remainder when 5118605 is divided by 1357.
1
Calculate the remainder when 112172606 is divided by 46.
42
What is the remainder when 694126 is divided by 83?
80
What is the remainder when 40563 is divided by 223?
200
What is the remainder when 3999742 is divided by 868?
866
What is the remainder when 125647198 is divided by 160?
158
Calculate the remainder when 292834 is divided by 977.
711
Calculate the remainder when 34965 is divided by 1158.
225
What is the remainder when 3310595 is divided by 827648?
3
What is the remainder when 5283544 is divided by 880589?
10
What is the remainder when 149185878 is divided by 6731?
6725
Calculate the remainder when 3297705 is divided by 362.
247
What is the remainder when 26051805 is divided by 59615?
50
Calculate the remainder when 4756393 is divided by 83.
78
What is the remainder when 45606 is divided by 41903?
3703
Calculate the remainder when 118188441 is divided by 1898.
1879
Calculate the remainder when 4772570 is divided by 976.
906
What is the remainder when 251819 is divided by 3106?
233
What is the remainder when 1297647 is divided by 108112?
303
What is the remainder when 4270264 is divided by 39?
37
What is the remainder when 1103310 is divided by 45968?
78
What is the remainder when 1164887 is divided by 582435?
17
What is the remainder when 1772575 is divided by 54?
25
What is the remainder when 2861793 is divided by 167?
81
Calculate the remainder when 150020 is divided by 1194.
770
Calculate the remainder when 171412 is divided by 1530.
52
Calculate the remainder when 165108 is divided by 1131.
1113
What is the remainder when 299973 is divided by 309?
243
Calculate the remainder when 4358698 is divided by 180.
178
What is the remainder when 8376751 is divided by 1178?
1171
Calculate the remainder when 37465496 is divided by 150.
146
What is the remainder when 3697306 is divided by 29?
9
Calculate the remainder when 796313 is divided by 82.
11
Calculate the remainder when 1092635 is divided by 4719.
2546
Calculate the remainder when 28484186 is divided by 628.
618
What is the remainder when 10920955 is divided by 287393?
21
Calculate the remainder when 93222 is divided by 23262.
174
Calculate the remainder when 491893 is divided by 1464.
1453
What is the remainder when 9510406 is divided by 2986?
2982
Calculate the remainder when 126651571 is divided by 25.
21
What is t